{"id":611,"date":"2025-08-17T14:10:07","date_gmt":"2025-08-17T17:10:07","guid":{"rendered":"https:\/\/discoveryblog.kfsdesing.com.br\/?page_id=611"},"modified":"2026-03-01T11:43:32","modified_gmt":"2026-03-01T14:43:32","slug":"equipe","status":"publish","type":"page","link":"https:\/\/v17portal.com\/mundov17\/equipe\/","title":{"rendered":"Equipe"},"content":{"rendered":"\t\t<div data-elementor-type=\"wp-page\" data-elementor-id=\"611\" class=\"elementor elementor-611\" data-elementor-post-type=\"page\">\n\t\t\t\t<div class=\"elementor-element elementor-element-257d3c6 e-flex e-con-boxed e-con e-parent\" data-id=\"257d3c6\" data-element_type=\"container\" data-e-type=\"container\">\n\t\t\t\t\t<div class=\"e-con-inner\">\n\t\t\t\t<div class=\"elementor-element elementor-element-a70de7a elementor-widget elementor-widget-heading\" data-id=\"a70de7a\" data-element_type=\"widget\" data-e-type=\"widget\" data-widget_type=\"heading.default\">\n\t\t\t\t<div class=\"elementor-widget-container\">\n\t\t\t\t\t<h1 class=\"elementor-heading-title elementor-size-default\">Nossa Equipe<\/h1>\t\t\t\t<\/div>\n\t\t\t\t<\/div>\n\t\t<div class=\"elementor-element elementor-element-9e4179d e-con-full e-flex e-con e-child\" data-id=\"9e4179d\" data-element_type=\"container\" data-e-type=\"container\">\n\t\t\t\t<div class=\"elementor-element elementor-element-48c6aca elementor-widget__width-initial elementor-widget elementor-widget-author-box\" data-id=\"48c6aca\" data-element_type=\"widget\" data-e-type=\"widget\" data-widget_type=\"author-box.default\">\n\t\t\t\t<div class=\"elementor-widget-container\">\n\t\t\t\t\t\t\t<div class=\"elementor-author-box\">\n\t\t\t\t\t\t\t<div  class=\"elementor-author-box__avatar\">\n\t\t\t\t\t<img decoding=\"async\" src=\"https:\/\/v17portal.com\/mundov17\/wp-content\/uploads\/2026\/03\/Regina-Schio.webp\" alt=\"Foto de Regina Schio\" loading=\"lazy\">\n\t\t\t\t<\/div>\n\t\t\t\n\t\t\t<div class=\"elementor-author-box__text\">\n\t\t\t\t\t\t\t\t\t<div >\n\t\t\t\t\t\t<h3 class=\"elementor-author-box__name\">\n\t\t\t\t\t\t\tRegina Schio\t\t\t\t\t\t<\/h3>\n\t\t\t\t\t<\/div>\n\t\t\t\t\n\t\t\t\t\t\t\t\t\t<div class=\"elementor-author-box__bio\">\n\t\t\t\t\t\t<p>Bem-vindo ao Portal V17, criado por mim, Regina Schio, comunicadora e apaixonada por cinema, s\u00e9ries, programas de TV e reality shows. Com forma\u00e7\u00e3o em Comunica\u00e7\u00e3o Social e experi\u00eancia pr\u00e1tica em projetos audiovisuais, transformei anos de viv\u00eancia, an\u00e1lise e consumo cr\u00edtico de conte\u00fado em um espa\u00e7o onde compartilho opini\u00f5es, recomenda\u00e7\u00f5es e reflex\u00f5es com autenticidade e paix\u00e3o, sempre buscando envolver e inspirar quem tamb\u00e9m ama esse universo.<\/p>\n\t\t\t\t\t<\/div>\n\t\t\t\t\n\t\t\t\t\t\t\t<\/div>\n\t\t<\/div>\n\t\t\t\t\t\t<\/div>\n\t\t\t\t<\/div>\n\t\t\t\t<div class=\"elementor-element elementor-element-e8c136e elementor-widget__width-initial elementor-widget elementor-widget-author-box\" data-id=\"e8c136e\" data-element_type=\"widget\" data-e-type=\"widget\" data-widget_type=\"author-box.default\">\n\t\t\t\t<div class=\"elementor-widget-container\">\n\t\t\t\t\t\t\t<div class=\"elementor-author-box\">\n\t\t\t\t\t\t\t<div  class=\"elementor-author-box__avatar\">\n\t\t\t\t\t<img decoding=\"async\" src=\"https:\/\/v17portal.com\/mundov17\/wp-content\/uploads\/2026\/03\/Joca-de-Fredy-AUTOR.jpg.webp\" alt=\"Imagem do Autor\" loading=\"lazy\">\n\t\t\t\t<\/div>\n\t\t\t\n\t\t\t<div class=\"elementor-author-box__text\">\n\t\t\t\t\n\t\t\t\t\t\t\t\t\t<div class=\"elementor-author-box__bio\">\n\t\t\t\t\t\t<p>Joca de Fredy \u00e9 especialista em mercado digital, investidor e entusiasta de intelig\u00eancia artificial. Formado em Marketing pela ESPM e p\u00f3s-graduado em M\u00eddias Digitais, ele atua como redator em diversos blogs e portais de conte\u00fado, incluindo plataformas internacionais voltadas a tecnologia, inova\u00e7\u00e3o e empreendedorismo.<br \/>\nCom uma s\u00f3lida trajet\u00f3ria no universo online, Joca acompanha de perto as transforma\u00e7\u00f5es do mercado, analisando tend\u00eancias em intelig\u00eancia artificial, economia digital, e-commerce, marketing de performance, startups e investimentos estrat\u00e9gicos.<\/p>\n\t\t\t\t\t<\/div>\n\t\t\t\t\n\t\t\t\t\t\t\t<\/div>\n\t\t<\/div>\n\t\t\t\t\t\t<\/div>\n\t\t\t\t<\/div>\n\t\t\t\t<div class=\"elementor-element elementor-element-8cdd6bc elementor-widget__width-initial elementor-author-box--avatar-yes elementor-author-box--name-yes elementor-author-box--biography-yes elementor-author-box--link-no elementor-widget elementor-widget-author-box\" data-id=\"8cdd6bc\" data-element_type=\"widget\" data-e-type=\"widget\" data-widget_type=\"author-box.default\">\n\t\t\t\t<div class=\"elementor-widget-container\">\n\t\t\t\t\t\t\t<div class=\"elementor-author-box\">\n\t\t\t\t\t\t\t<div  class=\"elementor-author-box__avatar\">\n\t\t\t\t\t<img decoding=\"async\" src=\"https:\/\/v17portal.com\/mundov17\/wp-content\/litespeed\/avatar\/07ea12900d4716504b282c454f2dfb54.jpg?ver=1776552710\" alt=\"Foto de Reda\u00e7\u00e3o Portal V17\" loading=\"lazy\">\n\t\t\t\t<\/div>\n\t\t\t\n\t\t\t<div class=\"elementor-author-box__text\">\n\t\t\t\t\t\t\t\t\t<div >\n\t\t\t\t\t\t<h3 class=\"elementor-author-box__name\">\n\t\t\t\t\t\t\tReda\u00e7\u00e3o Portal V17\t\t\t\t\t\t<\/h3>\n\t\t\t\t\t<\/div>\n\t\t\t\t\n\t\t\t\t\t\t\t\t\t<div class=\"elementor-author-box__bio\">\n\t\t\t\t\t\tA Reda\u00e7\u00e3o Portal V17 \u00e9 um time editorial com olhar apurado para o que move o mundo. Desde as tend\u00eancias que viralizam aos fatos que despertam reflex\u00e3o. Nossa equipe \u00e9 formada por redatores com experi\u00eancia em tend\u00eancias digitais, curadoria de conte\u00fado e an\u00e1lise de comportamento, comprometidos com a entrega de informa\u00e7\u00e3o leve, confi\u00e1vel e 100% original.\t\t\t\t\t<\/div>\n\t\t\t\t\n\t\t\t\t\t\t\t<\/div>\n\t\t<\/div>\n\t\t\t\t\t\t<\/div>\n\t\t\t\t<\/div>\n\t\t\t\t<\/div>\n\t\t\t\t\t<\/div>\n\t\t\t\t<\/div>\n\t\t\t\t<\/div>\n\t\t","protected":false},"excerpt":{"rendered":"<p>Nossa Equipe<\/p>\n","protected":false},"author":4,"featured_media":0,"parent":0,"menu_order":0,"comment_status":"closed","ping_status":"closed","template":"","meta":{"footnotes":""},"class_list":["post-611","page","type-page","status-publish","hentry"],"yoast_head":"<!-- This site is optimized with the Yoast SEO plugin v27.1.1 - https:\/\/yoast.com\/product\/yoast-seo-wordpress\/ -->\n<title>Equipe - Mundo V17<\/title>\n<meta name=\"robots\" content=\"index, follow, max-snippet:-1, max-image-preview:large, max-video-preview:-1\" \/>\n<link rel=\"canonical\" href=\"https:\/\/v17portal.com\/mundov17\/equipe\/\" \/>\n<meta property=\"og:locale\" content=\"pt_BR\" \/>\n<meta property=\"og:type\" content=\"article\" \/>\n<meta property=\"og:title\" content=\"Equipe - Mundo V17\" \/>\n<meta property=\"og:description\" content=\"Nossa Equipe\" \/>\n<meta property=\"og:url\" content=\"https:\/\/v17portal.com\/mundov17\/equipe\/\" \/>\n<meta property=\"og:site_name\" content=\"Mundo V17\" \/>\n<meta property=\"article:modified_time\" content=\"2026-03-01T14:43:32+00:00\" \/>\n<meta name=\"twitter:card\" content=\"summary_large_image\" \/>\n<meta name=\"twitter:label1\" content=\"Est. tempo de leitura\" \/>\n\t<meta name=\"twitter:data1\" content=\"2 minutos\" \/>\n<script type=\"application\/ld+json\" class=\"yoast-schema-graph\">{\"@context\":\"https:\/\/schema.org\",\"@graph\":[{\"@type\":\"WebPage\",\"@id\":\"https:\/\/v17portal.com\/mundov17\/equipe\/\",\"url\":\"https:\/\/v17portal.com\/mundov17\/equipe\/\",\"name\":\"Equipe - Mundo V17\",\"isPartOf\":{\"@id\":\"https:\/\/v17portal.com\/mundov17\/#website\"},\"datePublished\":\"2025-08-17T17:10:07+00:00\",\"dateModified\":\"2026-03-01T14:43:32+00:00\",\"inLanguage\":\"pt-BR\",\"potentialAction\":[{\"@type\":\"ReadAction\",\"target\":[\"https:\/\/v17portal.com\/mundov17\/equipe\/\"]}]},{\"@type\":\"WebSite\",\"@id\":\"https:\/\/v17portal.com\/mundov17\/#website\",\"url\":\"https:\/\/v17portal.com\/mundov17\/\",\"name\":\"Mundo V17\",\"description\":\"O mundo todo na sua m\u00e3o!\",\"publisher\":{\"@id\":\"https:\/\/v17portal.com\/mundov17\/#organization\"},\"potentialAction\":[{\"@type\":\"SearchAction\",\"target\":{\"@type\":\"EntryPoint\",\"urlTemplate\":\"https:\/\/v17portal.com\/mundov17\/?s={search_term_string}\"},\"query-input\":{\"@type\":\"PropertyValueSpecification\",\"valueRequired\":true,\"valueName\":\"search_term_string\"}}],\"inLanguage\":\"pt-BR\"},{\"@type\":\"Organization\",\"@id\":\"https:\/\/v17portal.com\/mundov17\/#organization\",\"name\":\"Mundo V17\",\"url\":\"https:\/\/v17portal.com\/mundov17\/\",\"logo\":{\"@type\":\"ImageObject\",\"inLanguage\":\"pt-BR\",\"@id\":\"https:\/\/v17portal.com\/mundov17\/#\/schema\/logo\/image\/\",\"url\":\"https:\/\/v17portal.com\/mundov17\/wp-content\/uploads\/2025\/09\/Mundo-V17.jpg\",\"contentUrl\":\"https:\/\/v17portal.com\/mundov17\/wp-content\/uploads\/2025\/09\/Mundo-V17.jpg\",\"width\":300,\"height\":106,\"caption\":\"Mundo V17\"},\"image\":{\"@id\":\"https:\/\/v17portal.com\/mundov17\/#\/schema\/logo\/image\/\"}}]}<\/script>\n<!-- \/ Yoast SEO plugin. -->","yoast_head_json":{"title":"Equipe - Mundo V17","robots":{"index":"index","follow":"follow","max-snippet":"max-snippet:-1","max-image-preview":"max-image-preview:large","max-video-preview":"max-video-preview:-1"},"canonical":"https:\/\/v17portal.com\/mundov17\/equipe\/","og_locale":"pt_BR","og_type":"article","og_title":"Equipe - Mundo V17","og_description":"Nossa Equipe","og_url":"https:\/\/v17portal.com\/mundov17\/equipe\/","og_site_name":"Mundo V17","article_modified_time":"2026-03-01T14:43:32+00:00","twitter_card":"summary_large_image","twitter_misc":{"Est. tempo de leitura":"2 minutos"},"schema":{"@context":"https:\/\/schema.org","@graph":[{"@type":"WebPage","@id":"https:\/\/v17portal.com\/mundov17\/equipe\/","url":"https:\/\/v17portal.com\/mundov17\/equipe\/","name":"Equipe - Mundo V17","isPartOf":{"@id":"https:\/\/v17portal.com\/mundov17\/#website"},"datePublished":"2025-08-17T17:10:07+00:00","dateModified":"2026-03-01T14:43:32+00:00","inLanguage":"pt-BR","potentialAction":[{"@type":"ReadAction","target":["https:\/\/v17portal.com\/mundov17\/equipe\/"]}]},{"@type":"WebSite","@id":"https:\/\/v17portal.com\/mundov17\/#website","url":"https:\/\/v17portal.com\/mundov17\/","name":"Mundo V17","description":"O mundo todo na sua m\u00e3o!","publisher":{"@id":"https:\/\/v17portal.com\/mundov17\/#organization"},"potentialAction":[{"@type":"SearchAction","target":{"@type":"EntryPoint","urlTemplate":"https:\/\/v17portal.com\/mundov17\/?s={search_term_string}"},"query-input":{"@type":"PropertyValueSpecification","valueRequired":true,"valueName":"search_term_string"}}],"inLanguage":"pt-BR"},{"@type":"Organization","@id":"https:\/\/v17portal.com\/mundov17\/#organization","name":"Mundo V17","url":"https:\/\/v17portal.com\/mundov17\/","logo":{"@type":"ImageObject","inLanguage":"pt-BR","@id":"https:\/\/v17portal.com\/mundov17\/#\/schema\/logo\/image\/","url":"https:\/\/v17portal.com\/mundov17\/wp-content\/uploads\/2025\/09\/Mundo-V17.jpg","contentUrl":"https:\/\/v17portal.com\/mundov17\/wp-content\/uploads\/2025\/09\/Mundo-V17.jpg","width":300,"height":106,"caption":"Mundo V17"},"image":{"@id":"https:\/\/v17portal.com\/mundov17\/#\/schema\/logo\/image\/"}}]}},"_links":{"self":[{"href":"https:\/\/v17portal.com\/mundov17\/wp-json\/wp\/v2\/pages\/611","targetHints":{"allow":["GET"]}}],"collection":[{"href":"https:\/\/v17portal.com\/mundov17\/wp-json\/wp\/v2\/pages"}],"about":[{"href":"https:\/\/v17portal.com\/mundov17\/wp-json\/wp\/v2\/types\/page"}],"author":[{"embeddable":true,"href":"https:\/\/v17portal.com\/mundov17\/wp-json\/wp\/v2\/users\/4"}],"replies":[{"embeddable":true,"href":"https:\/\/v17portal.com\/mundov17\/wp-json\/wp\/v2\/comments?post=611"}],"version-history":[{"count":15,"href":"https:\/\/v17portal.com\/mundov17\/wp-json\/wp\/v2\/pages\/611\/revisions"}],"predecessor-version":[{"id":1223,"href":"https:\/\/v17portal.com\/mundov17\/wp-json\/wp\/v2\/pages\/611\/revisions\/1223"}],"wp:attachment":[{"href":"https:\/\/v17portal.com\/mundov17\/wp-json\/wp\/v2\/media?parent=611"}],"curies":[{"name":"wp","href":"https:\/\/api.w.org\/{rel}","templated":true}]}}